{"id":41,"date":"2025-04-27T17:55:11","date_gmt":"2025-04-27T15:55:11","guid":{"rendered":"https:\/\/www.cervesina.com\/?page_id=41"},"modified":"2025-05-20T16:42:52","modified_gmt":"2025-05-20T14:42:52","slug":"le-camere","status":"publish","type":"page","link":"https:\/\/www.cervesina.com\/index.php\/le-camere\/","title":{"rendered":"Le camere"},"content":{"rendered":"\n<p>Cervesina, sta diventando sempre pi\u00f9 un punto di riferimento per gli appassionati di motori grazie alla sua invidiabile vicinanza al celebre Circuito Tazio Nuvolari. Se sei un pilota, un membro di un team racing, un frequentatore assiduo di eventi automobilistici o motociclistici, o semplicemente cerchi una sistemazione comoda e funzionale in prossimit\u00e0 del circuito, le nostre camere fanno per te.<\/p>\n\n\n\n<p>La posizione strategica di Cervesina permette di raggiungere il circuito in pochi minuti, evitando cos\u00ec stressanti spostamenti e garantendo la massima comodit\u00e0 per chi ha impegni in pista.<br>Ma Cervesina non \u00e8 solo &#8220;vicino al circuito&#8221;. Il paese offre un ambiente sereno e rilassante, con tutti i servizi essenziali a portata di mano. <\/p>\n\n\n\n<p><\/p>\n\n\n\n<p class=\"has-text-align-center\"><strong>LE NOSTRE CAMERE<\/strong><\/p>\n\n\n\n<p><\/p>\n\n\n\n<p><strong>CAMERA MARIA<\/strong><\/p>\n\n\n\n<figure class=\"wp-block-image size-large is-resized\"><img loading=\"lazy\" decoding=\"async\" width=\"1024\" height=\"683\" src=\"https:\/\/www.cervesina.com\/wp-content\/uploads\/2025\/05\/IMG-20250430-WA0036-1024x683.jpg\" alt=\"\" class=\"wp-image-164\" style=\"width:505px;height:auto\" srcset=\"https:\/\/www.cervesina.com\/wp-content\/uploads\/2025\/05\/IMG-20250430-WA0036-1024x683.jpg 1024w, https:\/\/www.cervesina.com\/wp-content\/uploads\/2025\/05\/IMG-20250430-WA0036-300x200.jpg 300w, https:\/\/www.cervesina.com\/wp-content\/uploads\/2025\/05\/IMG-20250430-WA0036-768x512.jpg 768w, https:\/\/www.cervesina.com\/wp-content\/uploads\/2025\/05\/IMG-20250430-WA0036.jpg 1500w\" sizes=\"auto, (max-width: 1024px) 100vw, 1024px\" \/><\/figure>\n\n\n\n<figure class=\"wp-block-image size-large is-resized\"><img loading=\"lazy\" decoding=\"async\" width=\"1024\" height=\"683\" src=\"https:\/\/www.cervesina.com\/wp-content\/uploads\/2025\/05\/IMG-20250430-WA0052-1024x683.jpg\" alt=\"\" class=\"wp-image-163\" style=\"width:552px;height:auto\" srcset=\"https:\/\/www.cervesina.com\/wp-content\/uploads\/2025\/05\/IMG-20250430-WA0052-1024x683.jpg 1024w, https:\/\/www.cervesina.com\/wp-content\/uploads\/2025\/05\/IMG-20250430-WA0052-300x200.jpg 300w, https:\/\/www.cervesina.com\/wp-content\/uploads\/2025\/05\/IMG-20250430-WA0052-768x512.jpg 768w, https:\/\/www.cervesina.com\/wp-content\/uploads\/2025\/05\/IMG-20250430-WA0052-1536x1024.jpg 1536w, https:\/\/www.cervesina.com\/wp-content\/uploads\/2025\/05\/IMG-20250430-WA0052.jpg 2048w\" sizes=\"auto, (max-width: 1024px) 100vw, 1024px\" \/><\/figure>\n\n\n\n<figure class=\"wp-block-image size-large is-resized\"><img loading=\"lazy\" decoding=\"async\" width=\"1024\" height=\"683\" src=\"https:\/\/www.cervesina.com\/wp-content\/uploads\/2025\/05\/IMG-20250430-WA0062-1024x683.jpg\" alt=\"\" class=\"wp-image-157\" style=\"width:604px;height:auto\" srcset=\"https:\/\/www.cervesina.com\/wp-content\/uploads\/2025\/05\/IMG-20250430-WA0062-1024x683.jpg 1024w, https:\/\/www.cervesina.com\/wp-content\/uploads\/2025\/05\/IMG-20250430-WA0062-300x200.jpg 300w, https:\/\/www.cervesina.com\/wp-content\/uploads\/2025\/05\/IMG-20250430-WA0062-768x512.jpg 768w, https:\/\/www.cervesina.com\/wp-content\/uploads\/2025\/05\/IMG-20250430-WA0062-1536x1024.jpg 1536w, https:\/\/www.cervesina.com\/wp-content\/uploads\/2025\/05\/IMG-20250430-WA0062.jpg 2048w\" sizes=\"auto, (max-width: 1024px) 100vw, 1024px\" \/><\/figure>\n\n\n\n<figure class=\"wp-block-image size-large is-resized\"><img loading=\"lazy\" decoding=\"async\" width=\"1024\" height=\"683\" src=\"https:\/\/www.cervesina.com\/wp-content\/uploads\/2025\/05\/IMG-20250430-WA0092-1024x683.jpg\" alt=\"\" class=\"wp-image-150\" style=\"width:573px;height:auto\" srcset=\"https:\/\/www.cervesina.com\/wp-content\/uploads\/2025\/05\/IMG-20250430-WA0092-1024x683.jpg 1024w, https:\/\/www.cervesina.com\/wp-content\/uploads\/2025\/05\/IMG-20250430-WA0092-300x200.jpg 300w, https:\/\/www.cervesina.com\/wp-content\/uploads\/2025\/05\/IMG-20250430-WA0092-768x512.jpg 768w, https:\/\/www.cervesina.com\/wp-content\/uploads\/2025\/05\/IMG-20250430-WA0092-1536x1024.jpg 1536w, https:\/\/www.cervesina.com\/wp-content\/uploads\/2025\/05\/IMG-20250430-WA0092.jpg 2048w\" sizes=\"auto, (max-width: 1024px) 100vw, 1024px\" \/><\/figure>\n\n\n\n<p><strong>CAMERA CRISTINA<\/strong><\/p>\n\n\n\n<figure class=\"wp-block-image size-large is-resized\"><img loading=\"lazy\" decoding=\"async\" width=\"1024\" height=\"683\" src=\"https:\/\/www.cervesina.com\/wp-content\/uploads\/2025\/05\/IMG-20250430-WA0089-1024x683.jpg\" alt=\"\" class=\"wp-image-102\" style=\"width:547px;height:auto\" srcset=\"https:\/\/www.cervesina.com\/wp-content\/uploads\/2025\/05\/IMG-20250430-WA0089-1024x683.jpg 1024w, https:\/\/www.cervesina.com\/wp-content\/uploads\/2025\/05\/IMG-20250430-WA0089-300x200.jpg 300w, https:\/\/www.cervesina.com\/wp-content\/uploads\/2025\/05\/IMG-20250430-WA0089-768x512.jpg 768w, https:\/\/www.cervesina.com\/wp-content\/uploads\/2025\/05\/IMG-20250430-WA0089-1536x1024.jpg 1536w, https:\/\/www.cervesina.com\/wp-content\/uploads\/2025\/05\/IMG-20250430-WA0089.jpg 2048w\" sizes=\"auto, (max-width: 1024px) 100vw, 1024px\" \/><\/figure>\n\n\n\n<figure class=\"wp-block-image size-large is-resized\"><img loading=\"lazy\" decoding=\"async\" width=\"1024\" height=\"683\" src=\"https:\/\/www.cervesina.com\/wp-content\/uploads\/2025\/05\/IMG-20250430-WA0063-1024x683.jpg\" alt=\"\" class=\"wp-image-156\" style=\"width:528px;height:auto\" srcset=\"https:\/\/www.cervesina.com\/wp-content\/uploads\/2025\/05\/IMG-20250430-WA0063-1024x683.jpg 1024w, https:\/\/www.cervesina.com\/wp-content\/uploads\/2025\/05\/IMG-20250430-WA0063-300x200.jpg 300w, https:\/\/www.cervesina.com\/wp-content\/uploads\/2025\/05\/IMG-20250430-WA0063-768x512.jpg 768w, https:\/\/www.cervesina.com\/wp-content\/uploads\/2025\/05\/IMG-20250430-WA0063-1536x1024.jpg 1536w, https:\/\/www.cervesina.com\/wp-content\/uploads\/2025\/05\/IMG-20250430-WA0063.jpg 2048w\" sizes=\"auto, (max-width: 1024px) 100vw, 1024px\" \/><\/figure>\n\n\n\n<figure class=\"wp-block-image size-large is-resized\"><img loading=\"lazy\" decoding=\"async\" width=\"1024\" height=\"683\" src=\"https:\/\/www.cervesina.com\/wp-content\/uploads\/2025\/05\/IMG-20250430-WA0053-1024x683.jpg\" alt=\"\" class=\"wp-image-162\" style=\"width:561px;height:auto\" srcset=\"https:\/\/www.cervesina.com\/wp-content\/uploads\/2025\/05\/IMG-20250430-WA0053-1024x683.jpg 1024w, https:\/\/www.cervesina.com\/wp-content\/uploads\/2025\/05\/IMG-20250430-WA0053-300x200.jpg 300w, https:\/\/www.cervesina.com\/wp-content\/uploads\/2025\/05\/IMG-20250430-WA0053-768x512.jpg 768w, https:\/\/www.cervesina.com\/wp-content\/uploads\/2025\/05\/IMG-20250430-WA0053-1536x1025.jpg 1536w, https:\/\/www.cervesina.com\/wp-content\/uploads\/2025\/05\/IMG-20250430-WA0053.jpg 2000w\" sizes=\"auto, (max-width: 1024px) 100vw, 1024px\" \/><\/figure>\n\n\n\n<p><strong>CAMERA ANNA<\/strong><\/p>\n\n\n\n<figure class=\"wp-block-image size-large is-resized\"><img loading=\"lazy\" decoding=\"async\" width=\"683\" height=\"1024\" src=\"https:\/\/www.cervesina.com\/wp-content\/uploads\/2025\/05\/IMG-20250430-WA0061-683x1024.jpg\" alt=\"\" class=\"wp-image-158\" style=\"width:467px;height:auto\" srcset=\"https:\/\/www.cervesina.com\/wp-content\/uploads\/2025\/05\/IMG-20250430-WA0061-683x1024.jpg 683w, https:\/\/www.cervesina.com\/wp-content\/uploads\/2025\/05\/IMG-20250430-WA0061-200x300.jpg 200w, https:\/\/www.cervesina.com\/wp-content\/uploads\/2025\/05\/IMG-20250430-WA0061-768x1152.jpg 768w, https:\/\/www.cervesina.com\/wp-content\/uploads\/2025\/05\/IMG-20250430-WA0061-1024x1536.jpg 1024w, https:\/\/www.cervesina.com\/wp-content\/uploads\/2025\/05\/IMG-20250430-WA0061.jpg 1365w\" sizes=\"auto, (max-width: 683px) 100vw, 683px\" \/><\/figure>\n\n\n\n<figure class=\"wp-block-image size-large is-resized\"><img loading=\"lazy\" decoding=\"async\" width=\"1024\" height=\"683\" src=\"https:\/\/www.cervesina.com\/wp-content\/uploads\/2025\/05\/IMG-20250430-WA0084-Copia-1024x683.jpg\" alt=\"\" class=\"wp-image-96\" style=\"width:517px;height:auto\" srcset=\"https:\/\/www.cervesina.com\/wp-content\/uploads\/2025\/05\/IMG-20250430-WA0084-Copia-1024x683.jpg 1024w, https:\/\/www.cervesina.com\/wp-content\/uploads\/2025\/05\/IMG-20250430-WA0084-Copia-300x200.jpg 300w, https:\/\/www.cervesina.com\/wp-content\/uploads\/2025\/05\/IMG-20250430-WA0084-Copia-768x512.jpg 768w, https:\/\/www.cervesina.com\/wp-content\/uploads\/2025\/05\/IMG-20250430-WA0084-Copia-1536x1025.jpg 1536w, https:\/\/www.cervesina.com\/wp-content\/uploads\/2025\/05\/IMG-20250430-WA0084-Copia.jpg 2000w\" sizes=\"auto, (max-width: 1024px) 100vw, 1024px\" \/><\/figure>\n\n\n\n<figure class=\"wp-block-image size-large is-resized\"><img loading=\"lazy\" decoding=\"async\" width=\"683\" height=\"1024\" src=\"https:\/\/www.cervesina.com\/wp-content\/uploads\/2025\/05\/IMG-20250430-WA0059-683x1024.jpg\" alt=\"\" class=\"wp-image-160\" style=\"width:413px;height:auto\" srcset=\"https:\/\/www.cervesina.com\/wp-content\/uploads\/2025\/05\/IMG-20250430-WA0059-683x1024.jpg 683w, https:\/\/www.cervesina.com\/wp-content\/uploads\/2025\/05\/IMG-20250430-WA0059-200x300.jpg 200w, https:\/\/www.cervesina.com\/wp-content\/uploads\/2025\/05\/IMG-20250430-WA0059-768x1152.jpg 768w, https:\/\/www.cervesina.com\/wp-content\/uploads\/2025\/05\/IMG-20250430-WA0059-1024x1536.jpg 1024w, https:\/\/www.cervesina.com\/wp-content\/uploads\/2025\/05\/IMG-20250430-WA0059.jpg 1365w\" sizes=\"auto, (max-width: 683px) 100vw, 683px\" \/><\/figure>\n\n\n\n<p><\/p>\n\n\n\n<p class=\"has-text-align-center\"><strong>LA STRUTTURA<\/strong><\/p>\n\n\n\n<p><\/p>\n\n\n\n<figure class=\"wp-block-gallery has-nested-images columns-default is-cropped wp-block-gallery-1 is-layout-flex wp-block-gallery-is-layout-flex\">\n<figure class=\"wp-block-image size-large\"><img loading=\"lazy\" decoding=\"async\" width=\"1024\" height=\"683\" data-id=\"102\" src=\"https:\/\/www.cervesina.com\/wp-content\/uploads\/2025\/05\/IMG-20250430-WA0089-1024x683.jpg\" alt=\"\" class=\"wp-image-102\" srcset=\"https:\/\/www.cervesina.com\/wp-content\/uploads\/2025\/05\/IMG-20250430-WA0089-1024x683.jpg 1024w, https:\/\/www.cervesina.com\/wp-content\/uploads\/2025\/05\/IMG-20250430-WA0089-300x200.jpg 300w, https:\/\/www.cervesina.com\/wp-content\/uploads\/2025\/05\/IMG-20250430-WA0089-768x512.jpg 768w, https:\/\/www.cervesina.com\/wp-content\/uploads\/2025\/05\/IMG-20250430-WA0089-1536x1024.jpg 1536w, https:\/\/www.cervesina.com\/wp-content\/uploads\/2025\/05\/IMG-20250430-WA0089.jpg 2048w\" sizes=\"auto, (max-width: 1024px) 100vw, 1024px\" \/><\/figure>\n\n\n\n<figure class=\"wp-block-image size-large\"><img loading=\"lazy\" decoding=\"async\" width=\"1024\" height=\"683\" data-id=\"101\" src=\"https:\/\/www.cervesina.com\/wp-content\/uploads\/2025\/05\/IMG-20250430-WA0122-Copia-1024x683.jpg\" alt=\"\" class=\"wp-image-101\" srcset=\"https:\/\/www.cervesina.com\/wp-content\/uploads\/2025\/05\/IMG-20250430-WA0122-Copia-1024x683.jpg 1024w, https:\/\/www.cervesina.com\/wp-content\/uploads\/2025\/05\/IMG-20250430-WA0122-Copia-300x200.jpg 300w, https:\/\/www.cervesina.com\/wp-content\/uploads\/2025\/05\/IMG-20250430-WA0122-Copia-768x512.jpg 768w, https:\/\/www.cervesina.com\/wp-content\/uploads\/2025\/05\/IMG-20250430-WA0122-Copia-1536x1024.jpg 1536w, https:\/\/www.cervesina.com\/wp-content\/uploads\/2025\/05\/IMG-20250430-WA0122-Copia.jpg 2048w\" sizes=\"auto, (max-width: 1024px) 100vw, 1024px\" \/><\/figure>\n\n\n\n<figure class=\"wp-block-image size-large\"><img loading=\"lazy\" decoding=\"async\" width=\"1024\" height=\"683\" data-id=\"100\" src=\"https:\/\/www.cervesina.com\/wp-content\/uploads\/2025\/05\/IMG-20250430-WA0139-1024x683.jpg\" alt=\"\" class=\"wp-image-100\" srcset=\"https:\/\/www.cervesina.com\/wp-content\/uploads\/2025\/05\/IMG-20250430-WA0139-1024x683.jpg 1024w, https:\/\/www.cervesina.com\/wp-content\/uploads\/2025\/05\/IMG-20250430-WA0139-300x200.jpg 300w, https:\/\/www.cervesina.com\/wp-content\/uploads\/2025\/05\/IMG-20250430-WA0139-768x512.jpg 768w, https:\/\/www.cervesina.com\/wp-content\/uploads\/2025\/05\/IMG-20250430-WA0139-1536x1024.jpg 1536w, https:\/\/www.cervesina.com\/wp-content\/uploads\/2025\/05\/IMG-20250430-WA0139.jpg 2048w\" sizes=\"auto, (max-width: 1024px) 100vw, 1024px\" \/><\/figure>\n\n\n\n<figure class=\"wp-block-image size-large\"><img loading=\"lazy\" decoding=\"async\" width=\"1024\" height=\"683\" data-id=\"95\" src=\"https:\/\/www.cervesina.com\/wp-content\/uploads\/2025\/05\/IMG-20250430-WA0048-1024x683.jpg\" alt=\"\" class=\"wp-image-95\" srcset=\"https:\/\/www.cervesina.com\/wp-content\/uploads\/2025\/05\/IMG-20250430-WA0048-1024x683.jpg 1024w, https:\/\/www.cervesina.com\/wp-content\/uploads\/2025\/05\/IMG-20250430-WA0048-300x200.jpg 300w, https:\/\/www.cervesina.com\/wp-content\/uploads\/2025\/05\/IMG-20250430-WA0048-768x512.jpg 768w, https:\/\/www.cervesina.com\/wp-content\/uploads\/2025\/05\/IMG-20250430-WA0048-1536x1024.jpg 1536w, https:\/\/www.cervesina.com\/wp-content\/uploads\/2025\/05\/IMG-20250430-WA0048.jpg 2048w\" sizes=\"auto, (max-width: 1024px) 100vw, 1024px\" \/><\/figure>\n\n\n\n<figure class=\"wp-block-image size-large\"><img loading=\"lazy\" decoding=\"async\" width=\"1024\" height=\"683\" data-id=\"96\" src=\"https:\/\/www.cervesina.com\/wp-content\/uploads\/2025\/05\/IMG-20250430-WA0084-Copia-1024x683.jpg\" alt=\"\" class=\"wp-image-96\" srcset=\"https:\/\/www.cervesina.com\/wp-content\/uploads\/2025\/05\/IMG-20250430-WA0084-Copia-1024x683.jpg 1024w, https:\/\/www.cervesina.com\/wp-content\/uploads\/2025\/05\/IMG-20250430-WA0084-Copia-300x200.jpg 300w, https:\/\/www.cervesina.com\/wp-content\/uploads\/2025\/05\/IMG-20250430-WA0084-Copia-768x512.jpg 768w, https:\/\/www.cervesina.com\/wp-content\/uploads\/2025\/05\/IMG-20250430-WA0084-Copia-1536x1025.jpg 1536w, https:\/\/www.cervesina.com\/wp-content\/uploads\/2025\/05\/IMG-20250430-WA0084-Copia.jpg 2000w\" sizes=\"auto, (max-width: 1024px) 100vw, 1024px\" \/><\/figure>\n\n\n\n<figure class=\"wp-block-image size-large\"><img loading=\"lazy\" decoding=\"async\" width=\"1024\" height=\"683\" data-id=\"99\" src=\"https:\/\/www.cervesina.com\/wp-content\/uploads\/2025\/05\/IMG-20250430-WA0085-1024x683.jpg\" alt=\"\" class=\"wp-image-99\" srcset=\"https:\/\/www.cervesina.com\/wp-content\/uploads\/2025\/05\/IMG-20250430-WA0085-1024x683.jpg 1024w, https:\/\/www.cervesina.com\/wp-content\/uploads\/2025\/05\/IMG-20250430-WA0085-300x200.jpg 300w, https:\/\/www.cervesina.com\/wp-content\/uploads\/2025\/05\/IMG-20250430-WA0085-768x512.jpg 768w, https:\/\/www.cervesina.com\/wp-content\/uploads\/2025\/05\/IMG-20250430-WA0085-1536x1024.jpg 1536w, https:\/\/www.cervesina.com\/wp-content\/uploads\/2025\/05\/IMG-20250430-WA0085.jpg 2048w\" sizes=\"auto, (max-width: 1024px) 100vw, 1024px\" \/><\/figure>\n<\/figure>\n\n\n\n<figure class=\"wp-block-gallery has-nested-images columns-default is-cropped wp-block-gallery-2 is-layout-flex wp-block-gallery-is-layout-flex\">\n<figure class=\"wp-block-image size-large\"><img loading=\"lazy\" decoding=\"async\" width=\"683\" height=\"1024\" data-id=\"147\" src=\"https:\/\/www.cervesina.com\/wp-content\/uploads\/2025\/05\/IMG-20250430-WA0144-683x1024.jpg\" alt=\"\" class=\"wp-image-147\" srcset=\"https:\/\/www.cervesina.com\/wp-content\/uploads\/2025\/05\/IMG-20250430-WA0144-683x1024.jpg 683w, https:\/\/www.cervesina.com\/wp-content\/uploads\/2025\/05\/IMG-20250430-WA0144-200x300.jpg 200w, https:\/\/www.cervesina.com\/wp-content\/uploads\/2025\/05\/IMG-20250430-WA0144-768x1152.jpg 768w, https:\/\/www.cervesina.com\/wp-content\/uploads\/2025\/05\/IMG-20250430-WA0144-1024x1536.jpg 1024w, https:\/\/www.cervesina.com\/wp-content\/uploads\/2025\/05\/IMG-20250430-WA0144.jpg 1365w\" sizes=\"auto, (max-width: 683px) 100vw, 683px\" \/><\/figure>\n\n\n\n<figure class=\"wp-block-image size-large\"><img loading=\"lazy\" decoding=\"async\" width=\"1024\" height=\"683\" data-id=\"104\" src=\"https:\/\/www.cervesina.com\/wp-content\/uploads\/2025\/04\/IMG-20250430-WA0067-1024x683.jpg\" alt=\"\" class=\"wp-image-104\" srcset=\"https:\/\/www.cervesina.com\/wp-content\/uploads\/2025\/04\/IMG-20250430-WA0067-1024x683.jpg 1024w, https:\/\/www.cervesina.com\/wp-content\/uploads\/2025\/04\/IMG-20250430-WA0067-300x200.jpg 300w, https:\/\/www.cervesina.com\/wp-content\/uploads\/2025\/04\/IMG-20250430-WA0067-768x512.jpg 768w, https:\/\/www.cervesina.com\/wp-content\/uploads\/2025\/04\/IMG-20250430-WA0067-1536x1024.jpg 1536w, https:\/\/www.cervesina.com\/wp-content\/uploads\/2025\/04\/IMG-20250430-WA0067.jpg 2048w\" sizes=\"auto, (max-width: 1024px) 100vw, 1024px\" \/><\/figure>\n\n\n\n<figure class=\"wp-block-image size-large\"><img loading=\"lazy\" decoding=\"async\" width=\"1024\" height=\"683\" data-id=\"103\" src=\"https:\/\/www.cervesina.com\/wp-content\/uploads\/2025\/05\/IMG-20250430-WA0123-1024x683.jpg\" alt=\"\" class=\"wp-image-103\" srcset=\"https:\/\/www.cervesina.com\/wp-content\/uploads\/2025\/05\/IMG-20250430-WA0123-1024x683.jpg 1024w, https:\/\/www.cervesina.com\/wp-content\/uploads\/2025\/05\/IMG-20250430-WA0123-300x200.jpg 300w, https:\/\/www.cervesina.com\/wp-content\/uploads\/2025\/05\/IMG-20250430-WA0123-768x512.jpg 768w, https:\/\/www.cervesina.com\/wp-content\/uploads\/2025\/05\/IMG-20250430-WA0123-1536x1025.jpg 1536w, https:\/\/www.cervesina.com\/wp-content\/uploads\/2025\/05\/IMG-20250430-WA0123.jpg 2000w\" sizes=\"auto, (max-width: 1024px) 100vw, 1024px\" \/><\/figure>\n\n\n\n<figure class=\"wp-block-image size-large\"><img loading=\"lazy\" decoding=\"async\" width=\"1024\" height=\"683\" data-id=\"102\" src=\"https:\/\/www.cervesina.com\/wp-content\/uploads\/2025\/05\/IMG-20250430-WA0089-1024x683.jpg\" alt=\"\" class=\"wp-image-102\" srcset=\"https:\/\/www.cervesina.com\/wp-content\/uploads\/2025\/05\/IMG-20250430-WA0089-1024x683.jpg 1024w, https:\/\/www.cervesina.com\/wp-content\/uploads\/2025\/05\/IMG-20250430-WA0089-300x200.jpg 300w, https:\/\/www.cervesina.com\/wp-content\/uploads\/2025\/05\/IMG-20250430-WA0089-768x512.jpg 768w, https:\/\/www.cervesina.com\/wp-content\/uploads\/2025\/05\/IMG-20250430-WA0089-1536x1024.jpg 1536w, https:\/\/www.cervesina.com\/wp-content\/uploads\/2025\/05\/IMG-20250430-WA0089.jpg 2048w\" sizes=\"auto, (max-width: 1024px) 100vw, 1024px\" \/><\/figure>\n\n\n\n<figure class=\"wp-block-image size-large\"><img loading=\"lazy\" decoding=\"async\" width=\"1024\" height=\"683\" data-id=\"101\" src=\"https:\/\/www.cervesina.com\/wp-content\/uploads\/2025\/05\/IMG-20250430-WA0122-Copia-1024x683.jpg\" alt=\"\" class=\"wp-image-101\" srcset=\"https:\/\/www.cervesina.com\/wp-content\/uploads\/2025\/05\/IMG-20250430-WA0122-Copia-1024x683.jpg 1024w, https:\/\/www.cervesina.com\/wp-content\/uploads\/2025\/05\/IMG-20250430-WA0122-Copia-300x200.jpg 300w, https:\/\/www.cervesina.com\/wp-content\/uploads\/2025\/05\/IMG-20250430-WA0122-Copia-768x512.jpg 768w, https:\/\/www.cervesina.com\/wp-content\/uploads\/2025\/05\/IMG-20250430-WA0122-Copia-1536x1024.jpg 1536w, https:\/\/www.cervesina.com\/wp-content\/uploads\/2025\/05\/IMG-20250430-WA0122-Copia.jpg 2048w\" sizes=\"auto, (max-width: 1024px) 100vw, 1024px\" \/><\/figure>\n\n\n\n<figure class=\"wp-block-image size-large\"><img loading=\"lazy\" decoding=\"async\" width=\"1024\" height=\"683\" data-id=\"99\" src=\"https:\/\/www.cervesina.com\/wp-content\/uploads\/2025\/05\/IMG-20250430-WA0085-1024x683.jpg\" alt=\"\" class=\"wp-image-99\" srcset=\"https:\/\/www.cervesina.com\/wp-content\/uploads\/2025\/05\/IMG-20250430-WA0085-1024x683.jpg 1024w, https:\/\/www.cervesina.com\/wp-content\/uploads\/2025\/05\/IMG-20250430-WA0085-300x200.jpg 300w, https:\/\/www.cervesina.com\/wp-content\/uploads\/2025\/05\/IMG-20250430-WA0085-768x512.jpg 768w, https:\/\/www.cervesina.com\/wp-content\/uploads\/2025\/05\/IMG-20250430-WA0085-1536x1024.jpg 1536w, https:\/\/www.cervesina.com\/wp-content\/uploads\/2025\/05\/IMG-20250430-WA0085.jpg 2048w\" sizes=\"auto, (max-width: 1024px) 100vw, 1024px\" \/><\/figure>\n\n\n\n<figure class=\"wp-block-image size-large\"><img loading=\"lazy\" decoding=\"async\" width=\"1024\" height=\"683\" data-id=\"96\" src=\"https:\/\/www.cervesina.com\/wp-content\/uploads\/2025\/05\/IMG-20250430-WA0084-Copia-1024x683.jpg\" alt=\"\" class=\"wp-image-96\" srcset=\"https:\/\/www.cervesina.com\/wp-content\/uploads\/2025\/05\/IMG-20250430-WA0084-Copia-1024x683.jpg 1024w, https:\/\/www.cervesina.com\/wp-content\/uploads\/2025\/05\/IMG-20250430-WA0084-Copia-300x200.jpg 300w, https:\/\/www.cervesina.com\/wp-content\/uploads\/2025\/05\/IMG-20250430-WA0084-Copia-768x512.jpg 768w, https:\/\/www.cervesina.com\/wp-content\/uploads\/2025\/05\/IMG-20250430-WA0084-Copia-1536x1025.jpg 1536w, https:\/\/www.cervesina.com\/wp-content\/uploads\/2025\/05\/IMG-20250430-WA0084-Copia.jpg 2000w\" sizes=\"auto, (max-width: 1024px) 100vw, 1024px\" \/><\/figure>\n\n\n\n<figure class=\"wp-block-image size-large\"><img loading=\"lazy\" decoding=\"async\" width=\"1024\" height=\"683\" data-id=\"95\" src=\"https:\/\/www.cervesina.com\/wp-content\/uploads\/2025\/05\/IMG-20250430-WA0048-1024x683.jpg\" alt=\"\" class=\"wp-image-95\" srcset=\"https:\/\/www.cervesina.com\/wp-content\/uploads\/2025\/05\/IMG-20250430-WA0048-1024x683.jpg 1024w, https:\/\/www.cervesina.com\/wp-content\/uploads\/2025\/05\/IMG-20250430-WA0048-300x200.jpg 300w, https:\/\/www.cervesina.com\/wp-content\/uploads\/2025\/05\/IMG-20250430-WA0048-768x512.jpg 768w, https:\/\/www.cervesina.com\/wp-content\/uploads\/2025\/05\/IMG-20250430-WA0048-1536x1024.jpg 1536w, https:\/\/www.cervesina.com\/wp-content\/uploads\/2025\/05\/IMG-20250430-WA0048.jpg 2048w\" sizes=\"auto, (max-width: 1024px) 100vw, 1024px\" \/><\/figure>\n\n\n\n<figure class=\"wp-block-image size-large\"><img loading=\"lazy\" decoding=\"async\" width=\"1024\" height=\"683\" data-id=\"149\" src=\"https:\/\/www.cervesina.com\/wp-content\/uploads\/2025\/05\/IMG-20250430-WA0094-1024x683.jpg\" alt=\"\" class=\"wp-image-149\" srcset=\"https:\/\/www.cervesina.com\/wp-content\/uploads\/2025\/05\/IMG-20250430-WA0094-1024x683.jpg 1024w, https:\/\/www.cervesina.com\/wp-content\/uploads\/2025\/05\/IMG-20250430-WA0094-300x200.jpg 300w, https:\/\/www.cervesina.com\/wp-content\/uploads\/2025\/05\/IMG-20250430-WA0094-768x512.jpg 768w, https:\/\/www.cervesina.com\/wp-content\/uploads\/2025\/05\/IMG-20250430-WA0094-1536x1024.jpg 1536w, https:\/\/www.cervesina.com\/wp-content\/uploads\/2025\/05\/IMG-20250430-WA0094.jpg 2048w\" sizes=\"auto, (max-width: 1024px) 100vw, 1024px\" \/><\/figure>\n<\/figure>\n","protected":false},"excerpt":{"rendered":"<p>Cervesina, sta diventando sempre pi\u00f9 un punto di riferimento per gli appassionati di motori grazie alla sua invidiabile vicinanza al celebre Circuito Tazio Nuvolari. Se sei un pilota, un membro di un team racing, un frequentatore assiduo di eventi automobilistici o motociclistici, o semplicemente cerchi una sistemazione comoda e funzionale in prossimit\u00e0 del circuito, le [&hellip;]<\/p>\n","protected":false},"author":1,"featured_media":0,"parent":0,"menu_order":1,"comment_status":"closed","ping_status":"closed","template":"","meta":{"footnotes":""},"class_list":["post-41","page","type-page","status-publish","hentry"],"_links":{"self":[{"href":"https:\/\/www.cervesina.com\/index.php\/wp-json\/wp\/v2\/pages\/41","targetHints":{"allow":["GET"]}}],"collection":[{"href":"https:\/\/www.cervesina.com\/index.php\/wp-json\/wp\/v2\/pages"}],"about":[{"href":"https:\/\/www.cervesina.com\/index.php\/wp-json\/wp\/v2\/types\/page"}],"author":[{"embeddable":true,"href":"https:\/\/www.cervesina.com\/index.php\/wp-json\/wp\/v2\/users\/1"}],"replies":[{"embeddable":true,"href":"https:\/\/www.cervesina.com\/index.php\/wp-json\/wp\/v2\/comments?post=41"}],"version-history":[{"count":8,"href":"https:\/\/www.cervesina.com\/index.php\/wp-json\/wp\/v2\/pages\/41\/revisions"}],"predecessor-version":[{"id":167,"href":"https:\/\/www.cervesina.com\/index.php\/wp-json\/wp\/v2\/pages\/41\/revisions\/167"}],"wp:attachment":[{"href":"https:\/\/www.cervesina.com\/index.php\/wp-json\/wp\/v2\/media?parent=41"}],"curies":[{"name":"wp","href":"https:\/\/api.w.org\/{rel}","templated":true}]}}